{"id":371,"date":"2025-02-02T07:35:11","date_gmt":"2025-02-02T07:35:11","guid":{"rendered":"https:\/\/www.nepsido.rs\/?page_id=371"},"modified":"2026-03-30T22:46:23","modified_gmt":"2026-03-30T22:46:23","slug":"uprava-klinike","status":"publish","type":"page","link":"https:\/\/www.nepsido.rs\/index.php\/uprava-klinike\/","title":{"rendered":""},"content":{"rendered":"\t\t<div data-elementor-type=\"wp-page\" data-elementor-id=\"371\" class=\"elementor elementor-371\">\n\t\t\t\t<div class=\"elementor-element elementor-element-16969ab e-flex e-con-boxed e-con e-parent\" data-id=\"16969ab\" data-element_type=\"container\" data-e-type=\"container\">\n\t\t\t\t\t<div class=\"e-con-inner\">\n\t\t\t\t<div class=\"elementor-element elementor-element-58b3a2d elementor-widget elementor-widget-html\" data-id=\"58b3a2d\" data-element_type=\"widget\" data-e-type=\"widget\" data-widget_type=\"html.default\">\n\t\t\t\t<div class=\"elementor-widget-container\">\n\t\t\t\t\t<section class=\"zaposleni-org\">\r\n  <style>\r\n    .zaposleni-org{\r\n      max-width:1200px;\r\n      margin:0 auto;\r\n      font-family:Arial,sans-serif;\r\n      color:#1f2937;\r\n    }\r\n\r\n    .zaposleni-org h1{\r\n      font-size:36px;\r\n      color:#183b63;\r\n      margin:0 0 14px;\r\n    }\r\n\r\n    .zaposleni-org h2{\r\n      font-size:26px;\r\n      color:#183b63;\r\n      margin:40px 0 16px;\r\n    }\r\n\r\n    .zaposleni-org p{\r\n      font-size:17px;\r\n      line-height:1.7;\r\n      color:#4b5563;\r\n      margin:0 0 18px;\r\n    }\r\n\r\n    .zaposleni-org ul{\r\n      padding-left:20px;\r\n      line-height:1.8;\r\n    }\r\n\r\n    .box{\r\n      background:#f7fbff;\r\n      border:1px solid #dbe7f3;\r\n      border-radius:16px;\r\n      padding:24px;\r\n      margin-bottom:30px;\r\n    }\r\n\r\n    .grid{\r\n      display:grid;\r\n      grid-template-columns:repeat(auto-fit,minmax(300px,1fr));\r\n      gap:20px;\r\n    }\r\n\r\n    .card{\r\n      background:#fff;\r\n      border:1px solid #dce7f2;\r\n      border-radius:14px;\r\n      padding:20px;\r\n    }\r\n  <\/style>\r\n\r\n  <div class=\"box\">\r\n    <h1>Zaposleni<\/h1>\r\n    <p>\r\n      Zaposleni u Klinici za neurologiju i psihijatriju za decu i omladinu \u010dine stru\u010dan,\r\n      multidisciplinaran i posve\u0107en tim koji obavlja medicinske, stru\u010dne, organizacione i\r\n      administrativne poslove. Saradnja izme\u0111u uprave, lekara i saradnika omogu\u0107ava\r\n      efikasan rad i visok kvalitet zdravstvene za\u0161tite.\r\n    <\/p>\r\n  <\/div>\r\n\r\n  <h2>Uprava Klinike<\/h2>\r\n  <div class=\"grid\">\r\n    <div class=\"card\">\r\n      <p><strong>Direktor:<\/strong><br>Doc. dr Jelena \u0110or\u0111evi\u0107<\/p>\r\n      <p><strong>Pomo\u0107nik direktora za medicinske poslove:<\/strong><br>dr Jelena Vujovi\u0107<\/p>\r\n      <p><strong>Pomo\u0107nik direktora za nemedicinske poslove:<\/strong><br>Jelena Staki\u0107<\/p>\r\n      <p><strong>Glavna sestra \/ tehni\u010dar:<\/strong><br>Danijela Mitrovi\u0107<\/p>\r\n      <p><strong>Sekretar:<\/strong><br>Nata\u0161a Ivi\u0107<\/p>\r\n    <\/div>\r\n\r\n    <div class=\"card\">\r\n      <p><strong>Adresa:<\/strong><br>\r\n        Dr Suboti\u0107a Starijeg 6a<br>\r\n        11000 Beograd, Srbija\r\n      <\/p>\r\n      <p><strong>Telefon:<\/strong><br>+381 (0)11 2658 355<\/p>\r\n      <p><strong>Faks:<\/strong><br>+381 (0)11 2645 064<\/p>\r\n      <p><strong>Email:<\/strong><br>info@nepsido.rs<\/p>\r\n    <\/div>\r\n  <\/div>\r\n\r\n  <h2>Slu\u017eba psihijatrije razvojnog doba<\/h2>\r\n  <ul>\r\n    <li>dr Ana Kesi\u0107, na\u010delnik slu\u017ebe<\/li>\r\n    <li>dr Slavica Cvetkovi\u0107 Brki\u0107<\/li>\r\n    <li>dr Andrijana Dodi\u0107<\/li>\r\n    <li>dr Danica Dujovi\u0107<\/li>\r\n    <li>dr Iva Manojlovi\u0107<\/li>\r\n    <li>dr Vesna Milovanovi\u0107<\/li>\r\n    <li>dr Aleksandra Mihajlovi\u0107<\/li>\r\n    <li>dr Minja Ninkovi\u0107<\/li>\r\n    <li>dr Dejan Stevanovi\u0107<\/li>\r\n    <li>dr Du\u0161ko Stupar<\/li>\r\n  <\/ul>\r\n\r\n  <h2>Slu\u017eba neurologije razvojnog doba<\/h2>\r\n  <ul>\r\n    <li>Prim. dr Dragana Mom\u010dilovi\u0107-Kostadinovi\u0107, na\u010delnik slu\u017ebe<\/li>\r\n    <li>dr Milan Borkovi\u0107<\/li>\r\n    <li>dr Bora Ceki\u0107<\/li>\r\n    <li>Prof. dr Nata\u0161a Cerovac<\/li>\r\n    <li>dr Nikola Ivan\u010devi\u0107<\/li>\r\n    <li>Prof. dr Jasna Jan\u010di\u0107<\/li>\r\n    <li>dr Ana Kosa\u0107<\/li>\r\n    <li>Prim. dr Jelena Mladenovi\u0107<\/li>\r\n    <li>dr Bla\u017eo Nikoli\u0107<\/li>\r\n    <li>Prim. dr Ana Poti\u0107<\/li>\r\n    <li>dr Galina Stevanovi\u0107<\/li>\r\n    <li>Prim. dr Dragana Vu\u010dini\u0107<\/li>\r\n    <li>dr Vesna \u0110uri\u0107<\/li>\r\n  <\/ul>\r\n\r\n  <h2>Neurooftalmolo\u0161ki kabinet<\/h2>\r\n  <ul>\r\n    <li>Prim. dr Ana Pepi\u0107<\/li>\r\n    <li>dr Jovana Vukadinovi\u0107<\/li>\r\n  <\/ul>\r\n\r\n  <h2>Zdravstveni saradnici<\/h2>\r\n  <p>\r\n    Zdravstveni saradnici su stru\u010dnjaci razli\u010ditih profila (psiholog, logoped,\r\n    defektolog, socijalni radnik) koji doprinose dijagnostici i tretmanu pacijenata,\r\n    uz multidisciplinaran i timski pristup.\r\n  <\/p>\r\n\r\n  <ul>\r\n    <li>Marko Jerini\u0107, psiholog<\/li>\r\n    <li>Tamara Petrovi\u0107, psiholog<\/li>\r\n    <li>Aleksandra Mrvo\u0161 Pavlovi\u0107, defektolog somatoped<\/li>\r\n    <li>Isidora Koci\u0107, defektolog logoped<\/li>\r\n    <li>Mirjana Popovi\u0107, defektolog logoped<\/li>\r\n    <li>Anja Simovi\u0107, socijalni radnik<\/li>\r\n    <li>Elizabet Spirkoski D\u017eakula, socijalni radnik<\/li>\r\n  <\/ul>\r\n\r\n<\/section>\t\t\t\t<\/div>\n\t\t\t\t<\/div>\n\t\t\t\t\t<\/div>\n\t\t\t\t<\/div>\n\t\t\t\t<\/div>\n\t\t","protected":false},"excerpt":{"rendered":"<p>Zaposleni Zaposleni u Klinici za neurologiju i psihijatriju za decu i omladinu \u010dine stru\u010dan, multidisciplinaran i posve\u0107en tim koji obavlja [&hellip;]<\/p>\n","protected":false},"author":3,"featured_media":0,"parent":0,"menu_order":0,"comment_status":"closed","ping_status":"closed","template":"","meta":{"site-sidebar-layout":"default","site-content-layout":"","ast-site-content-layout":"default","site-content-style":"default","site-sidebar-style":"default","ast-global-header-display":"","ast-banner-title-visibility":"","ast-main-header-display":"","ast-hfb-above-header-display":"","ast-hfb-below-header-display":"","ast-hfb-mobile-header-display":"","site-post-title":"","ast-breadcrumbs-content":"","ast-featured-img":"","footer-sml-layout":"","ast-disable-related-posts":"","theme-transparent-header-meta":"","adv-header-id-meta":"","stick-header-meta":"","header-above-stick-meta":"","header-main-stick-meta":"","header-below-stick-meta":"","astra-migrate-meta-layouts":"default","ast-page-background-enabled":"default","ast-page-background-meta":{"desktop":{"background-color":"var(--ast-global-color-5)","background-image":"","background-repeat":"repeat","background-position":"center center","background-size":"auto","background-attachment":"scroll","background-type":"","background-media":"","overlay-type":"","overlay-color":"","overlay-opacity":"","overlay-gradient":""},"tablet":{"background-color":"","background-image":"","background-repeat":"repeat","background-position":"center center","background-size":"auto","background-attachment":"scroll","background-type":"","background-media":"","overlay-type":"","overlay-color":"","overlay-opacity":"","overlay-gradient":""},"mobile":{"background-color":"","background-image":"","background-repeat":"repeat","background-position":"center center","background-size":"auto","background-attachment":"scroll","background-type":"","background-media":"","overlay-type":"","overlay-color":"","overlay-opacity":"","overlay-gradient":""}},"ast-content-background-meta":{"desktop":{"background-color":"var(--ast-global-color-4)","background-image":"","background-repeat":"repeat","background-position":"center center","background-size":"auto","background-attachment":"scroll","background-type":"","background-media":"","overlay-type":"","overlay-color":"","overlay-opacity":"","overlay-gradient":""},"tablet":{"background-color":"var(--ast-global-color-4)","background-image":"","background-repeat":"repeat","background-position":"center center","background-size":"auto","background-attachment":"scroll","background-type":"","background-media":"","overlay-type":"","overlay-color":"","overlay-opacity":"","overlay-gradient":""},"mobile":{"background-color":"var(--ast-global-color-4)","background-image":"","background-repeat":"repeat","background-position":"center center","background-size":"auto","background-attachment":"scroll","background-type":"","background-media":"","overlay-type":"","overlay-color":"","overlay-opacity":"","overlay-gradient":""}},"footnotes":""},"categories":[],"tags":[],"class_list":["post-371","page","type-page","status-publish","hentry"],"_links":{"self":[{"href":"https:\/\/www.nepsido.rs\/index.php\/wp-json\/wp\/v2\/pages\/371","targetHints":{"allow":["GET"]}}],"collection":[{"href":"https:\/\/www.nepsido.rs\/index.php\/wp-json\/wp\/v2\/pages"}],"about":[{"href":"https:\/\/www.nepsido.rs\/index.php\/wp-json\/wp\/v2\/types\/page"}],"author":[{"embeddable":true,"href":"https:\/\/www.nepsido.rs\/index.php\/wp-json\/wp\/v2\/users\/3"}],"replies":[{"embeddable":true,"href":"https:\/\/www.nepsido.rs\/index.php\/wp-json\/wp\/v2\/comments?post=371"}],"version-history":[{"count":14,"href":"https:\/\/www.nepsido.rs\/index.php\/wp-json\/wp\/v2\/pages\/371\/revisions"}],"predecessor-version":[{"id":1103,"href":"https:\/\/www.nepsido.rs\/index.php\/wp-json\/wp\/v2\/pages\/371\/revisions\/1103"}],"wp:attachment":[{"href":"https:\/\/www.nepsido.rs\/index.php\/wp-json\/wp\/v2\/media?parent=371"}],"wp:term":[{"taxonomy":"category","embeddable":true,"href":"https:\/\/www.nepsido.rs\/index.php\/wp-json\/wp\/v2\/categories?post=371"},{"taxonomy":"post_tag","embeddable":true,"href":"https:\/\/www.nepsido.rs\/index.php\/wp-json\/wp\/v2\/tags?post=371"}],"curies":[{"name":"wp","href":"https:\/\/api.w.org\/{rel}","templated":true}]}}